{"id":38881,"date":"2021-03-02T09:02:19","date_gmt":"2021-03-02T09:02:19","guid":{"rendered":"https:\/\/www.hgi-cgs.hr\/?page_id=38881"},"modified":"2021-03-02T09:14:55","modified_gmt":"2021-03-02T09:14:55","slug":"dan-planeta-zemlje-22-travnja","status":"publish","type":"page","link":"https:\/\/www.hgi-cgs.hr\/en\/dan-planeta-zemlje-22-travnja\/","title":{"rendered":"Dan planeta Zemlje, 22. travnja"},"content":{"rendered":"<p>[et_pb_section fb_built=&#8221;1&#8243; fullwidth=&#8221;on&#8221; _builder_version=&#8221;4.4.1&#8243; custom_padding=&#8221;0px||0px|||&#8221;][et_pb_fullwidth_slider _builder_version=&#8221;4.4.2&#8243; min_height=&#8221;112px&#8221; height=&#8221;400px&#8221; custom_margin=&#8221;0px||||false|false&#8221; custom_padding=&#8221;0px||18px||false|false&#8221; auto=&#8221;on&#8221; auto_ignore_hover=&#8221;on&#8221; locked=&#8221;off&#8221;][et_pb_slide heading=&#8221;Hrvatski geolo\u0161ki institut&#8221; _builder_version=&#8221;4.4.1&#8243; header_font=&#8221;|||on|||||&#8221; background_image=&#8221;http:\/\/www.hgi-cgs.hr\/wp-content\/uploads\/2020\/03\/Br\u010di\u0107_Drvenik02-scaled.jpg&#8221; background_enable_image=&#8221;on&#8221; locked=&#8221;off&#8221; sticky_transition=&#8221;on&#8221;][\/et_pb_slide][et_pb_slide heading=&#8221;Hrvatski geolo\u0161ki institut&#8221; _builder_version=&#8221;4.4.1&#8243; header_font=&#8221;|||on|||||&#8221; background_image=&#8221;http:\/\/www.hgi-cgs.hr\/wp-content\/uploads\/2020\/03\/ban2-scaled.jpg&#8221; background_enable_image=&#8221;on&#8221; locked=&#8221;off&#8221; sticky_transition=&#8221;on&#8221;][\/et_pb_slide][et_pb_slide heading=&#8221;Hrvatski geolo\u0161ki institut&#8221; _builder_version=&#8221;4.4.1&#8243; header_font=&#8221;|||on|||||&#8221; background_image=&#8221;http:\/\/www.hgi-cgs.hr\/wp-content\/uploads\/2020\/03\/20190228_094232-scaled.jpg&#8221; background_enable_image=&#8221;on&#8221; locked=&#8221;off&#8221; sticky_transition=&#8221;on&#8221;][\/et_pb_slide][et_pb_slide heading=&#8221;Hrvatski geolo\u0161ki institut&#8221; _builder_version=&#8221;4.4.1&#8243; header_font=&#8221;|||on|||||&#8221; background_image=&#8221;http:\/\/www.hgi-cgs.hr\/wp-content\/uploads\/2020\/03\/ban3-scaled.jpg&#8221; background_enable_image=&#8221;on&#8221; locked=&#8221;off&#8221; sticky_transition=&#8221;on&#8221;][\/et_pb_slide][et_pb_slide heading=&#8221;Hrvatski geolo\u0161ki institut&#8221; _builder_version=&#8221;4.4.1&#8243; header_font=&#8221;|||on|||||&#8221; background_image=&#8221;http:\/\/www.hgi-cgs.hr\/wp-content\/uploads\/2020\/03\/Bijele_stijene-Gorski_kotar-scaled.jpg&#8221; background_enable_image=&#8221;on&#8221; locked=&#8221;off&#8221; sticky_transition=&#8221;on&#8221;][\/et_pb_slide][et_pb_slide heading=&#8221;Hrvatski geolo\u0161ki institut&#8221; _builder_version=&#8221;4.4.1&#8243; header_font=&#8221;|||on|||||&#8221; background_image=&#8221;http:\/\/www.hgi-cgs.hr\/wp-content\/uploads\/2020\/03\/ban4-scaled.jpg&#8221; background_enable_image=&#8221;on&#8221; locked=&#8221;off&#8221; sticky_transition=&#8221;on&#8221;][\/et_pb_slide][et_pb_slide heading=&#8221;Hrvatski geolo\u0161ki institut&#8221; _builder_version=&#8221;4.4.1&#8243; header_font=&#8221;|||on|||||&#8221; background_image=&#8221;http:\/\/www.hgi-cgs.hr\/wp-content\/uploads\/2020\/03\/ban5-scaled.jpg&#8221; background_enable_image=&#8221;on&#8221; locked=&#8221;off&#8221; sticky_transition=&#8221;on&#8221;][\/et_pb_slide][\/et_pb_fullwidth_slider][\/et_pb_section][et_pb_section fb_built=&#8221;1&#8243; _builder_version=&#8221;4.4.2&#8243;][et_pb_row _builder_version=&#8221;4.4.2&#8243;][et_pb_column type=&#8221;4_4&#8243; _builder_version=&#8221;4.4.2&#8243;][et_pb_text _builder_version=&#8221;4.7.7&#8243; text_font_size=&#8221;32px&#8221; header_2_text_color=&#8221;#1e5096&#8243;]<\/p>\n<h2 style=\"text-align: center; color: #1e5096;\"><strong>ARHIVA NOVOSTI<\/strong><\/h2>\n<p>[\/et_pb_text][\/et_pb_column][\/et_pb_row][et_pb_row _builder_version=&#8221;4.4.2&#8243; custom_margin=&#8221;|auto|-9px|auto||&#8221;][et_pb_column type=&#8221;4_4&#8243; _builder_version=&#8221;4.4.2&#8243;][et_pb_text _builder_version=&#8221;4.9.0&#8243; text_font_size=&#8221;32px&#8221; header_2_text_color=&#8221;#1e5096&#8243; header_2_line_height=&#8221;1.3em&#8221; custom_margin=&#8221;||-10px|||&#8221; hover_enabled=&#8221;0&#8243; sticky_enabled=&#8221;0&#8243;]<\/p>\n<h2 style=\"text-align: center; color: #1e5096;\">Dan planeta Zemlje, 22. travnja<\/h2>\n<p>[\/et_pb_text][\/et_pb_column][\/et_pb_row][\/et_pb_section][et_pb_section fb_built=&#8221;1&#8243; _builder_version=&#8221;4.4.2&#8243; custom_padding=&#8221;20px||41px|||&#8221;][et_pb_row _builder_version=&#8221;4.0.3&#8243; min_height=&#8221;192px&#8221; custom_margin=&#8221;-4px|auto||auto||&#8221; custom_padding=&#8221;0px|||||&#8221;][et_pb_column type=&#8221;4_4&#8243; _builder_version=&#8221;4.0.3&#8243;][et_pb_text _builder_version=&#8221;4.9.0&#8243; text_font=&#8221;||||||||&#8221; link_font=&#8221;||||||||&#8221; link_text_color=&#8221;#e09900&#8243; custom_margin=&#8221;18px|||||&#8221; custom_padding=&#8221;|10px||10px|false|true&#8221; hover_enabled=&#8221;0&#8243; sticky_enabled=&#8221;0&#8243;]<\/p>\n<p>Ideja obilje\u017eavanja Dana planeta Zemlje prvi je put predstavljena 1969. godine, slu\u017ebeno se obilje\u017eava od 1992. godine. Godine 2009. Op\u0107a skup\u0161tina UN-a je proglasila je 22. travnja me\u0111unarodnim Danom planeta Zemlje. U Hrvatskoj se obilje\u017eava od 1990. godine uz anga\u017eman udruga za za\u0161titu okoli\u0161a i prirode.<\/p>\n<p>Dan planeta Zemlje, obilje\u017eava se svake godine 22. travnja na svim kontinentima brojnim doga\u0111ajima posve\u0107enim o\u010duvanju i za\u0161titi okoli\u0161a, a ove godine pod sloganom Environmental &amp; Climate Literacy.<\/p>\n<p>[\/et_pb_text][\/et_pb_column][\/et_pb_row][et_pb_row _builder_version=&#8221;4.9.0&#8243; _module_preset=&#8221;default&#8221; column_structure=&#8221;1_2,1_2&#8243;][et_pb_column _builder_version=&#8221;4.9.0&#8243; _module_preset=&#8221;default&#8221; type=&#8221;1_2&#8243;][et_pb_image src=&#8221;https:\/\/www.hgi-cgs.hr\/wp-content\/uploads\/2021\/03\/earth-day-kids_vlqe4q.jpg&#8221; _builder_version=&#8221;4.9.0&#8243; _module_preset=&#8221;default&#8221; alt=&#8221;Ideja obilje\u017eavanja Dana planeta Zemlje prvi je put predstavljena 1969. godine, slu\u017ebeno se obilje\u017eava od 1992. godine. Godine 2009. Op\u0107a skup\u0161tina UN-a je proglasila je 22. travnja me\u0111unarodnim Danom planeta Zemlje. U Hrvatskoj se obilje\u017eava od 1990. godine uz anga\u017eman udruga za za\u0161titu okoli\u0161a i prirode.  Dan planeta Zemlje, obilje\u017eava se svake godine 22. travnja na svim kontinentima brojnim doga\u0111ajima posve\u0107enim o\u010duvanju i za\u0161titi okoli\u0161a, a ove godine pod sloganom Environmental &#038; Climate Literacy.&#8221; title_text=&#8221;earth-day-kids_vlqe4q&#8221; border_radii=&#8221;on|5px|5px|5px|5px&#8221; box_shadow_style=&#8221;preset1&#8243; box_shadow_blur=&#8221;15px&#8221; hover_enabled=&#8221;0&#8243; sticky_enabled=&#8221;0&#8243;][\/et_pb_image][et_pb_text _builder_version=&#8221;4.9.0&#8243; _module_preset=&#8221;default&#8221; text_font_size=&#8221;13px&#8221; hover_enabled=&#8221;0&#8243; sticky_enabled=&#8221;0&#8243; custom_margin=&#8221;-30px|||||&#8221;]<\/p>\n<p style=\"text-align: center;\"><em>(preuzeto sa http:\/\/www.sheknows.com)<\/em><\/p>\n<p>[\/et_pb_text][\/et_pb_column][et_pb_column _builder_version=&#8221;4.9.0&#8243; _module_preset=&#8221;default&#8221; type=&#8221;1_2&#8243;][et_pb_image src=&#8221;https:\/\/www.hgi-cgs.hr\/wp-content\/uploads\/2021\/03\/P1050267-scaled.jpg&#8221; _builder_version=&#8221;4.9.0&#8243; _module_preset=&#8221;default&#8221; alt=&#8221;Dan planeta Zemlje&#8221; title_text=&#8221;P1050267&#8243; width=&#8221;38%&#8221; border_radii=&#8221;on|5px|5px|5px|5px&#8221; box_shadow_style=&#8221;preset1&#8243; box_shadow_blur=&#8221;15px&#8221; hover_enabled=&#8221;0&#8243; sticky_enabled=&#8221;0&#8243;][\/et_pb_image][\/et_pb_column][\/et_pb_row][et_pb_row _builder_version=&#8221;4.9.0&#8243; _module_preset=&#8221;default&#8221;][et_pb_column _builder_version=&#8221;4.9.0&#8243; _module_preset=&#8221;default&#8221; type=&#8221;4_4&#8243;][et_pb_text _builder_version=&#8221;4.9.0&#8243; _module_preset=&#8221;default&#8221; hover_enabled=&#8221;0&#8243; sticky_enabled=&#8221;0&#8243;]<\/p>\n<p>World Earth Day is held annually on April 22. Worldwide, various events are held to demonstrate support for environmental protection. This year\u2019s theme is all about environmental and climate literacy.<\/p>\n<p> Earth Day Network is launching a campaign for global environmental and climate literacy by Earth Day 2020. We are dedicated to ensuring that every student around the world graduates high school as an environmental and climate literate citizen, ready to take action and be a voice for change. This goal is not only an enormous undertaking, it is critical and timely. The signing of the Paris Agreement is one step towards mitigating the impacts of climate change. Education needs to be a key part of this effort.<\/p>\n<p> <a href=\"http:\/\/www.earthday.org\/earthday\/\"><em>http:\/\/www.earthday.org\/earthday\/<\/em><\/a><\/p>\n<p>[\/et_pb_text][et_pb_image src=&#8221;https:\/\/www.hgi-cgs.hr\/wp-content\/uploads\/2021\/03\/earth-day.jpg&#8221; _builder_version=&#8221;4.9.0&#8243; _module_preset=&#8221;default&#8221; alt=&#8221;Dan planeta Zemlje&#8221; title_text=&#8221;Hands on a globe&#8221; align=&#8221;center&#8221; width=&#8221;50%&#8221; border_radii=&#8221;on|5px|5px|5px|5px&#8221; box_shadow_style=&#8221;preset1&#8243; box_shadow_blur=&#8221;15px&#8221; hover_enabled=&#8221;0&#8243; sticky_enabled=&#8221;0&#8243;][\/et_pb_image][et_pb_text _builder_version=&#8221;4.9.0&#8243; _module_preset=&#8221;default&#8221; text_font_size=&#8221;13px&#8221; hover_enabled=&#8221;0&#8243; sticky_enabled=&#8221;0&#8243; min_height=&#8221;48.3px&#8221; custom_margin=&#8221;-30px|||||&#8221;]<\/p>\n<p style=\"text-align: center;\"><em>(preuzeto sa http:\/\/www.oom2.com)<\/em><\/p>\n<p>[\/et_pb_text][\/et_pb_column][\/et_pb_row][\/et_pb_section]<\/p>\n","protected":false},"excerpt":{"rendered":"<p>ARHIVA NOVOSTIDan planeta Zemlje, 22. travnjaIdeja obilje\u017eavanja Dana planeta Zemlje prvi je put predstavljena 1969. godine, slu\u017ebeno se obilje\u017eava od 1992. godine. Godine 2009. Op\u0107a skup\u0161tina UN-a je proglasila je 22. travnja me\u0111unarodnim Danom planeta Zemlje. U Hrvatskoj se obilje\u017eava od 1990. godine uz anga\u017eman udruga za za\u0161titu okoli\u0161a i prirode. Dan planeta Zemlje, obilje\u017eava [&hellip;]<\/p>\n","protected":false},"author":1,"featured_media":0,"parent":0,"menu_order":0,"comment_status":"closed","ping_status":"closed","template":"","meta":{"_et_pb_use_builder":"on","_et_pb_old_content":"","_et_gb_content_width":"","footnotes":""},"class_list":["post-38881","page","type-page","status-publish","hentry"],"aioseo_notices":[],"_links":{"self":[{"href":"https:\/\/www.hgi-cgs.hr\/en\/wp-json\/wp\/v2\/pages\/38881","targetHints":{"allow":["GET"]}}],"collection":[{"href":"https:\/\/www.hgi-cgs.hr\/en\/wp-json\/wp\/v2\/pages"}],"about":[{"href":"https:\/\/www.hgi-cgs.hr\/en\/wp-json\/wp\/v2\/types\/page"}],"author":[{"embeddable":true,"href":"https:\/\/www.hgi-cgs.hr\/en\/wp-json\/wp\/v2\/users\/1"}],"replies":[{"embeddable":true,"href":"https:\/\/www.hgi-cgs.hr\/en\/wp-json\/wp\/v2\/comments?post=38881"}],"version-history":[{"count":2,"href":"https:\/\/www.hgi-cgs.hr\/en\/wp-json\/wp\/v2\/pages\/38881\/revisions"}],"predecessor-version":[{"id":38887,"href":"https:\/\/www.hgi-cgs.hr\/en\/wp-json\/wp\/v2\/pages\/38881\/revisions\/38887"}],"wp:attachment":[{"href":"https:\/\/www.hgi-cgs.hr\/en\/wp-json\/wp\/v2\/media?parent=38881"}],"curies":[{"name":"wp","href":"https:\/\/api.w.org\/{rel}","templated":true}]}}

<p>[et_pb_section fb_built=&#8221;1&#8243; fullwidth=&#8221;on&#8221; _builder_version=&#8221;4.4.1&#8243; custom_padding=&#8221;0px||0px|||&#8221;][et_pb_fullwidth_slider _builder_version=&#8221;4.4.2&#8243; min_height=&#8221;112px&#8221; height=&#8221;400px&#8221; custom_margin=&#8221;0px||||false|false&#8221; custom_padding=&#8221;0px||18px||false|false&#8221; auto=&#8221;on&#8221; auto_ignore_hover=&#8221;on&#8221; locked=&#8221;off&#8221;][et_pb_slide heading=&#8221;Hrvatski geološki institut&#8221; _builder_version=&#8221;4.4.1&#8243; header_font=&#8221;|||on|||||&#8221; background_image=&#8221;http://www.hgi-cgs.hr/wp-content/uploads/2020/03/Brčić_Drvenik02-scaled.jpg&#8221; background_enable_image=&#8221;on&#8221; locked=&#8221;off&#8221; sticky_transition=&#8221;on&#8221;][/et_pb_slide][et_pb_slide heading=&#8221;Hrvatski geološki institut&#8221; _builder_version=&#8221;4.4.1&#8243; header_font=&#8221;|||on|||||&#8221; background_image=&#8221;http://www.hgi-cgs.hr/wp-content/uploads/2020/03/ban2-scaled.jpg&#8221; background_enable_image=&#8221;on&#8221; locked=&#8221;off&#8221; sticky_transition=&#8221;on&#8221;][/et_pb_slide][et_pb_slide heading=&#8221;Hrvatski geološki institut&#8221; _builder_version=&#8221;4.4.1&#8243; header_font=&#8221;|||on|||||&#8221; background_image=&#8221;http://www.hgi-cgs.hr/wp-content/uploads/2020/03/20190228_094232-scaled.jpg&#8221; background_enable_image=&#8221;on&#8221; locked=&#8221;off&#8221; sticky_transition=&#8221;on&#8221;][/et_pb_slide][et_pb_slide heading=&#8221;Hrvatski geološki institut&#8221; _builder_version=&#8221;4.4.1&#8243; header_font=&#8221;|||on|||||&#8221; background_image=&#8221;http://www.hgi-cgs.hr/wp-content/uploads/2020/03/ban3-scaled.jpg&#8221; background_enable_image=&#8221;on&#8221; locked=&#8221;off&#8221; sticky_transition=&#8221;on&#8221;][/et_pb_slide][et_pb_slide heading=&#8221;Hrvatski geološki institut&#8221; _builder_version=&#8221;4.4.1&#8243; header_font=&#8221;|||on|||||&#8221; background_image=&#8221;http://www.hgi-cgs.hr/wp-content/uploads/2020/03/Bijele_stijene-Gorski_kotar-scaled.jpg&#8221; background_enable_image=&#8221;on&#8221; locked=&#8221;off&#8221; sticky_transition=&#8221;on&#8221;][/et_pb_slide][et_pb_slide heading=&#8221;Hrvatski geološki institut&#8221; _builder_version=&#8221;4.4.1&#8243; header_font=&#8221;|||on|||||&#8221; background_image=&#8221;http://www.hgi-cgs.hr/wp-content/uploads/2020/03/ban4-scaled.jpg&#8221; background_enable_image=&#8221;on&#8221; locked=&#8221;off&#8221; sticky_transition=&#8221;on&#8221;][/et_pb_slide][et_pb_slide heading=&#8221;Hrvatski geološki institut&#8221; _builder_version=&#8221;4.4.1&#8243; header_font=&#8221;|||on|||||&#8221; background_image=&#8221;http://www.hgi-cgs.hr/wp-content/uploads/2020/03/ban5-scaled.jpg&#8221; background_enable_image=&#8221;on&#8221; locked=&#8221;off&#8221; sticky_transition=&#8221;on&#8221;][/et_pb_slide][/et_pb_fullwidth_slider][/et_pb_section][et_pb_section fb_built=&#8221;1&#8243; _builder_version=&#8221;4.4.2&#8243;][et_pb_row _builder_version=&#8221;4.4.2&#8243;][et_pb_column type=&#8221;4_4&#8243; _builder_version=&#8221;4.4.2&#8243;][et_pb_text _builder_version=&#8221;4.7.7&#8243; text_font_size=&#8221;32px&#8221; header_2_text_color=&#8221;#1e5096&#8243;]</p>
<h2 style="text-align: center; color: #1e5096;"><strong>ARHIVA NOVOSTI</strong></h2>
<p>[/et_pb_text][/et_pb_column][/et_pb_row][et_pb_row _builder_version=&#8221;4.4.2&#8243; custom_margin=&#8221;|auto|-9px|auto||&#8221;][et_pb_column type=&#8221;4_4&#8243; _builder_version=&#8221;4.4.2&#8243;][et_pb_text _builder_version=&#8221;4.9.0&#8243; text_font_size=&#8221;32px&#8221; header_2_text_color=&#8221;#1e5096&#8243; header_2_line_height=&#8221;1.3em&#8221; custom_margin=&#8221;||-10px|||&#8221; hover_enabled=&#8221;0&#8243; sticky_enabled=&#8221;0&#8243;]</p>
<h2 style="text-align: center; color: #1e5096;">Dan planeta Zemlje, 22. travnja</h2>
<p>[/et_pb_text][/et_pb_column][/et_pb_row][/et_pb_section][et_pb_section fb_built=&#8221;1&#8243; _builder_version=&#8221;4.4.2&#8243; custom_padding=&#8221;20px||41px|||&#8221;][et_pb_row _builder_version=&#8221;4.0.3&#8243; min_height=&#8221;192px&#8221; custom_margin=&#8221;-4px|auto||auto||&#8221; custom_padding=&#8221;0px|||||&#8221;][et_pb_column type=&#8221;4_4&#8243; _builder_version=&#8221;4.0.3&#8243;][et_pb_text _builder_version=&#8221;4.9.0&#8243; text_font=&#8221;||||||||&#8221; link_font=&#8221;||||||||&#8221; link_text_color=&#8221;#e09900&#8243; custom_margin=&#8221;18px|||||&#8221; custom_padding=&#8221;|10px||10px|false|true&#8221; hover_enabled=&#8221;0&#8243; sticky_enabled=&#8221;0&#8243;]</p>
<p>Ideja obilježavanja Dana planeta Zemlje prvi je put predstavljena 1969. godine, službeno se obilježava od 1992. godine. Godine 2009. Opća skupština UN-a je proglasila je 22. travnja međunarodnim Danom planeta Zemlje. U Hrvatskoj se obilježava od 1990. godine uz angažman udruga za zaštitu okoliša i prirode.</p>
<p>Dan planeta Zemlje, obilježava se svake godine 22. travnja na svim kontinentima brojnim događajima posvećenim očuvanju i zaštiti okoliša, a ove godine pod sloganom Environmental &amp; Climate Literacy.</p>
<p>[/et_pb_text][/et_pb_column][/et_pb_row][et_pb_row _builder_version=&#8221;4.9.0&#8243; _module_preset=&#8221;default&#8221; column_structure=&#8221;1_2,1_2&#8243;][et_pb_column _builder_version=&#8221;4.9.0&#8243; _module_preset=&#8221;default&#8221; type=&#8221;1_2&#8243;][et_pb_image src=&#8221;https://www.hgi-cgs.hr/wp-content/uploads/2021/03/earth-day-kids_vlqe4q.jpg&#8221; _builder_version=&#8221;4.9.0&#8243; _module_preset=&#8221;default&#8221; alt=&#8221;Ideja obilježavanja Dana planeta Zemlje prvi je put predstavljena 1969. godine, službeno se obilježava od 1992. godine. Godine 2009. Opća skupština UN-a je proglasila je 22. travnja međunarodnim Danom planeta Zemlje. U Hrvatskoj se obilježava od 1990. godine uz angažman udruga za zaštitu okoliša i prirode.  Dan planeta Zemlje, obilježava se svake godine 22. travnja na svim kontinentima brojnim događajima posvećenim očuvanju i zaštiti okoliša, a ove godine pod sloganom Environmental &#038; Climate Literacy.&#8221; title_text=&#8221;earth-day-kids_vlqe4q&#8221; border_radii=&#8221;on|5px|5px|5px|5px&#8221; box_shadow_style=&#8221;preset1&#8243; box_shadow_blur=&#8221;15px&#8221; hover_enabled=&#8221;0&#8243; sticky_enabled=&#8221;0&#8243;][/et_pb_image][et_pb_text _builder_version=&#8221;4.9.0&#8243; _module_preset=&#8221;default&#8221; text_font_size=&#8221;13px&#8221; hover_enabled=&#8221;0&#8243; sticky_enabled=&#8221;0&#8243; custom_margin=&#8221;-30px|||||&#8221;]</p>
<p style="text-align: center;"><em>(preuzeto sa http://www.sheknows.com)</em></p>
<p>[/et_pb_text][/et_pb_column][et_pb_column _builder_version=&#8221;4.9.0&#8243; _module_preset=&#8221;default&#8221; type=&#8221;1_2&#8243;][et_pb_image src=&#8221;https://www.hgi-cgs.hr/wp-content/uploads/2021/03/P1050267-scaled.jpg&#8221; _builder_version=&#8221;4.9.0&#8243; _module_preset=&#8221;default&#8221; alt=&#8221;Dan planeta Zemlje&#8221; title_text=&#8221;P1050267&#8243; width=&#8221;38%&#8221; border_radii=&#8221;on|5px|5px|5px|5px&#8221; box_shadow_style=&#8221;preset1&#8243; box_shadow_blur=&#8221;15px&#8221; hover_enabled=&#8221;0&#8243; sticky_enabled=&#8221;0&#8243;][/et_pb_image][/et_pb_column][/et_pb_row][et_pb_row _builder_version=&#8221;4.9.0&#8243; _module_preset=&#8221;default&#8221;][et_pb_column _builder_version=&#8221;4.9.0&#8243; _module_preset=&#8221;default&#8221; type=&#8221;4_4&#8243;][et_pb_text _builder_version=&#8221;4.9.0&#8243; _module_preset=&#8221;default&#8221; hover_enabled=&#8221;0&#8243; sticky_enabled=&#8221;0&#8243;]</p>
<p>World Earth Day is held annually on April 22. Worldwide, various events are held to demonstrate support for environmental protection. This year’s theme is all about environmental and climate literacy.</p>
<p> Earth Day Network is launching a campaign for global environmental and climate literacy by Earth Day 2020. We are dedicated to ensuring that every student around the world graduates high school as an environmental and climate literate citizen, ready to take action and be a voice for change. This goal is not only an enormous undertaking, it is critical and timely. The signing of the Paris Agreement is one step towards mitigating the impacts of climate change. Education needs to be a key part of this effort.</p>
<p> <a href="http://www.earthday.org/earthday/"><em>http://www.earthday.org/earthday/</em></a></p>
<p>[/et_pb_text][et_pb_image src=&#8221;https://www.hgi-cgs.hr/wp-content/uploads/2021/03/earth-day.jpg&#8221; _builder_version=&#8221;4.9.0&#8243; _module_preset=&#8221;default&#8221; alt=&#8221;Dan planeta Zemlje&#8221; title_text=&#8221;Hands on a globe&#8221; align=&#8221;center&#8221; width=&#8221;50%&#8221; border_radii=&#8221;on|5px|5px|5px|5px&#8221; box_shadow_style=&#8221;preset1&#8243; box_shadow_blur=&#8221;15px&#8221; hover_enabled=&#8221;0&#8243; sticky_enabled=&#8221;0&#8243;][/et_pb_image][et_pb_text _builder_version=&#8221;4.9.0&#8243; _module_preset=&#8221;default&#8221; text_font_size=&#8221;13px&#8221; hover_enabled=&#8221;0&#8243; sticky_enabled=&#8221;0&#8243; min_height=&#8221;48.3px&#8221; custom_margin=&#8221;-30px|||||&#8221;]</p>
<p style="text-align: center;"><em>(preuzeto sa http://www.oom2.com)</em></p>
<p>[/et_pb_text][/et_pb_column][/et_pb_row][/et_pb_section]</p>

<p>ARHIVA NOVOSTIDan planeta Zemlje, 22. travnjaIdeja obilježavanja Dana planeta Zemlje prvi je put predstavljena 1969. godine, službeno se obilježava od 1992. godine. Godine 2009. Opća skupština UN-a je proglasila je 22. travnja međunarodnim Danom planeta Zemlje. U Hrvatskoj se obilježava od 1990. godine uz angažman udruga za zaštitu okoliša i prirode. Dan planeta Zemlje, obilježava [&hellip;]</p>
